{"id":31,"date":"2016-02-03T13:55:50","date_gmt":"2016-02-03T12:55:50","guid":{"rendered":"http:\/\/testing.oman-erlebnis.ch\/?page_id=31"},"modified":"2022-08-08T23:45:09","modified_gmt":"2022-08-08T21:45:09","slug":"in_der_kleingruppe","status":"publish","type":"page","link":"https:\/\/www.oman-erlebnis.ch\/index.php\/in_der_kleingruppe\/","title":{"rendered":"Oman Erlebnis in der Kleingruppe"},"content":{"rendered":"<h2>Oman Erlebnis \u2013 mehr als nur eine Reise!<\/h2>\n<div><i>Oman ist anders als die \u00fcbrigen arabischen Staaten<\/i><\/div>\n<div><i>\u00fcberzeugen Sie sich selbst \u2013 auf der Reise mit uns!<\/i><\/div>\n<p class=\"figure\" style=\"text-align: center;\"><img decoding=\"async\" class=\"aligncenter wp-image-610 size-full\" src=\"https:\/\/www.oman-erlebnis.ch\/wp-content\/uploads\/2020\/02\/nebeneinkommen_handarbeit.jpg\" alt=\"\" width=\"1024\">Handarbeit bringt Bergfamilien ein kleines Nebeneinkommen<\/p>\n<h3>Das erwartet Sie<\/h3>\n<ul>\n<li>ein Land mit einer Jahrhunderte alten Geschichte und Kultur<\/li>\n<li>grossartige Landschaften (Meer, Str\u00e4nde, Wadis, Berge)<\/li>\n<li>die majest\u00e4tische W\u00fcste<\/li>\n<li>eine einzigartige Natur (z.B. die Schildkr\u00f6ten)<\/li>\n<li>Muscat als moderne, aufstrebende Hauptstadt<\/li>\n<li>eine freundliche und zuvorkommende Bev\u00f6lkerung<\/li>\n<li>Oman, ein Land ausserhalb der Welt-Schlagzeilen und mit einem hohen Sicherheitsstandard, wert von Ihnen entdeckt zu werden<\/li>\n<\/ul>\n<h3>Das erleben Sie<\/h3>\n<ul>\n<li>ein abwechslungsreiches und ausgewogenes Programm, welches Ihnen dieses faszinierende Land n\u00e4her bringt<\/li>\n<li>ein wenig Abenteuer (W\u00fcstendurchquerung, Campieren)<\/li>\n<li>etwas Bewegung dank einigen Wanderungen, f\u00fcr welche ein normaler Fitnessgrad ausreichend ist<\/li>\n<\/ul>\n<h3>Ihre Vorteile<\/h3>\n<ul>\n<li>\u00fcberschaubare Gruppengr\u00f6sse zwischen 9 und 11 Teilnehmenden<\/li>\n<li>deutsch sprechende Reiseleitung<\/li>\n<li>lokale Reisebegleiter\/Fahrer<\/li>\n<li>bestm\u00f6gliches Preis \u2013 Leistungs-Verh\u00e4ltnis<\/li>\n<\/ul>\n<h3>Ihre Reiseroute<\/h3>\n<p class=\"figure\"><a href=\"https:\/\/api.mapbox.com\/styles\/v1\/allestuetsmerweh\/citiuwmk0003p2hrslkfumods.html?fresh=true&amp;title=true&amp;access_token=pk.eyJ1IjoiYWxsZXN0dWV0c21lcndlaCIsImEiOiJHbG9tTzYwIn0.kaEGNBd9zMvc0XkzP70r8Q#7.2\/22.5\/58.5\" target=\"_blank\" rel=\"noopener noreferrer\"><img decoding=\"async\" src=\"https:\/\/api.mapbox.com\/styles\/v1\/allestuetsmerweh\/citiuwmk0003p2hrslkfumods\/static\/58.5,22.5,7.2,0.00,0.00\/1024x768?fresh=false&amp;access_token=pk.eyJ1IjoiYWxsZXN0dWV0c21lcndlaCIsImEiOiJHbG9tTzYwIn0.kaEGNBd9zMvc0XkzP70r8Q\" alt=\"Karte\"><\/a><\/p>\n<h2>Programm<\/h2>\n<div><\/div>\n<div><b><i>Jeder Tag mit einem neuen H\u00f6hepunkt<\/i><\/b><\/div>\n<div><\/div>\n<h3>1. Tag: Abflug in Z\u00fcrich mit Qatar Airways nach Muscat via Doha am Nachmittag<\/h3>\n<h3>2. Tag: Muscat, die Perle am Golf von Oman, Ankunft und Stadtrundfahrt<\/h3>\n<div>Ankunft in Muscat am fr\u00fchen Morgen. Transfer ins Park Inn Hotel Muscat.<\/p>\n<ul>\n<li>Erholung vom Flug bis am Mittag<\/li>\n<li>Mittagessen im Hotel<\/li>\n<\/ul>\n<p>Am Nachmittag, Stadtrundfahrt. Sie besuchen unter anderem:<\/p>\n<ul>\n<li>Die pr\u00e4chtige Oper<\/li>\n<li>Den betriebsamen Souq<\/li>\n<\/ul>\n<p class=\"figure\" style=\"text-align: center;\"><img loading=\"lazy\" decoding=\"async\" class=\"aligncenter wp-image-277 size-full\" src=\"https:\/\/www.oman-erlebnis.ch\/wp-content\/uploads\/2016\/02\/002.jpg\" alt=\"002\" width=\"1024\" height=\"772\" srcset=\"https:\/\/www.oman-erlebnis.ch\/wp-content\/uploads\/2016\/02\/002.jpg 1024w, https:\/\/www.oman-erlebnis.ch\/wp-content\/uploads\/2016\/02\/002-300x226.jpg 300w, https:\/\/www.oman-erlebnis.ch\/wp-content\/uploads\/2016\/02\/002-768x579.jpg 768w\" sizes=\"auto, (max-width: 1024px) 100vw, 1024px\" \/>Die malerische Corniche<\/p>\n<ul>\n<li>Das Bait Al Zubair Museum, welches einen Einblick in Traditionen und Geschichte des Oman vermittelt<\/li>\n<li>Den Sultanspalast (nur Aussenansicht), flankiert durch die Festungen Mirani und Jelali aus der Portugiesen-Zeit<\/li>\n<\/ul>\n<p>\u00dcbernachtung im Park Inn Hotel Muscat<\/p>\n<\/div>\n<h3>3. Tag: Besuch der Grossen Moschee und Beginn der Rundreise mit der Fahrt durch das wild-romantische Wadi Bani Awf und der \u00dcberquerung der imposanten Hajar Berge<\/h3>\n<div>Ihr Programm f\u00fcr heute:<\/p>\n<ul>\n<li>Besuch der prunkvollen Grossen Moschee<\/li>\n<\/ul>\n<p class=\"figure\" style=\"text-align: center;\"><img loading=\"lazy\" decoding=\"async\" class=\"aligncenter wp-image-191 size-full\" src=\"https:\/\/www.oman-erlebnis.ch\/wp-content\/uploads\/2016\/02\/003.jpg\" alt=\"003\" width=\"1024\" height=\"768\" srcset=\"https:\/\/www.oman-erlebnis.ch\/wp-content\/uploads\/2016\/02\/003.jpg 1024w, https:\/\/www.oman-erlebnis.ch\/wp-content\/uploads\/2016\/02\/003-300x225.jpg 300w, https:\/\/www.oman-erlebnis.ch\/wp-content\/uploads\/2016\/02\/003-768x576.jpg 768w\" sizes=\"auto, (max-width: 1024px) 100vw, 1024px\" \/>Die majest\u00e4tische grosse Moschee<\/p>\n<ul>\n<li>Mit den Gel\u00e4ndewagen in die Wadis und die Berge Omans<\/li>\n<li>Besuch der einzigartigen Festung von Nakhl<\/li>\n<li>Spektakul\u00e4re Fahrt durch das Wadi Bani Awf mit Fotohalt beim malerischen D\u00f6rfchen Bilad Sayt<\/li>\n<li>\u00dcberquerung der Hajar Berge mit atemberaubenden Rundsichten<\/li>\n<li>Die Fahrt auf das Jabal Shams Plateau auf rund 2000 Meter \u00fcber Meer<\/li>\n<\/ul>\n<p>\u00dcbernachtung im Jabal Shams Resort<\/p>\n<\/div>\n<h3>4. Tag: Der grossartige Canyon des Jabal Shams (Sonnenberg) und das historische St\u00e4dtchen Al Hamra<\/h3>\n<div>das Programm heute<\/p>\n<ul>\n<li>Am Vormittag eine faszinierende dreieinhalbst\u00fcndige Wanderung in den grossartigen Canyon des Jabal Shams zu einem vor Jahrzehnten verlassenen Dorf, oder, wer an der Wanderung nicht mitgehen kann, ein leichterer Spaziergang auf dem Plateau<\/li>\n<\/ul>\n<p class=\"figure\" style=\"text-align: center;\"><img loading=\"lazy\" decoding=\"async\" class=\"aligncenter wp-image-192 size-full\" src=\"https:\/\/www.oman-erlebnis.ch\/wp-content\/uploads\/2016\/02\/004.jpg\" alt=\"004\" width=\"1024\" height=\"576\" srcset=\"https:\/\/www.oman-erlebnis.ch\/wp-content\/uploads\/2016\/02\/004.jpg 1024w, https:\/\/www.oman-erlebnis.ch\/wp-content\/uploads\/2016\/02\/004-300x169.jpg 300w, https:\/\/www.oman-erlebnis.ch\/wp-content\/uploads\/2016\/02\/004-768x432.jpg 768w\" sizes=\"auto, (max-width: 1024px) 100vw, 1024px\" \/>Der grossartige Grand Canyon<\/p>\n<ul>\n<li>Besuch der Oase Al Hamra, eines der \u00e4ltesten D\u00f6rfer Omans mit einem \u2013 allerdings beinahe unbewohnten \u2013 Dorfteil aus alten Lehmh\u00e4usern und dem Museum Bait Al Safah, in welchem Sie von einheimischen Frauen in traditionelle h\u00e4usliche T\u00e4tigkeiten eingef\u00fchrt werden<\/li>\n<\/ul>\n<p class=\"figure\" style=\"text-align: center;\"><img loading=\"lazy\" decoding=\"async\" class=\"aligncenter wp-image-192 size-full\" src=\"https:\/\/www.oman-erlebnis.ch\/wp-content\/uploads\/2022\/04\/zum_beispiel_wie_heilende_oele_hergestellt_werden.jpg\" alt=\"zum_beispiel_wie_heilende_oele_hergestellt_werden\" width=\"838\" height=\"472\">Zum Beispiel, wie heilende \u00d6le hergestellt werden; <i>Bild: Rolf Wirz<\/i><\/p>\n<p>\u00dcbernachtung in THE VIEW in Hail Al Shas, einem einmaligen Resort, hoch auf 1400 Metern \u00fcber Meer gelegen, mit einer herrlichen Aussicht \u00fcber die Ebene von Al Hamra<\/p>\n<\/div>\n<h3>5. Tag: Der Palast von Jabrin und Misfah, ein malerisches D\u00f6rfchen, angeschmiegt an die Bergh\u00e4nge des Jabal Shams<\/h3>\n<p>das heutige Programm umfasst:<\/p>\n<div>\n<ul>\n<li>Den Besuch von Jabrin, dem wohl sch\u00f6nsten historischen Palast in Oman<\/li>\n<li>Fotohalt in Bahla (mit der Festung, einem UNESCO Weltkulturerbe)<\/li>\n<p><!--<\/ul>\n\n\n\n\n<p class=\"figure\" style=\"text-align: center;\"><img loading=\"lazy\" decoding=\"async\" class=\"aligncenter wp-image-193 size-full\" src=\"https:\/\/www.oman-erlebnis.ch\/wp-content\/uploads\/2016\/02\/005.jpg\" alt=\"005\" width=\"1024\" height=\"576\" srcset=\"https:\/\/www.oman-erlebnis.ch\/wp-content\/uploads\/2016\/02\/005.jpg 1024w, https:\/\/www.oman-erlebnis.ch\/wp-content\/uploads\/2016\/02\/005-300x169.jpg 300w, https:\/\/www.oman-erlebnis.ch\/wp-content\/uploads\/2016\/02\/005-768x432.jpg 768w\" sizes=\"auto, (max-width: 1024px) 100vw, 1024px\" \/>...zum Beispiel, wie das omani Brot hergestellt wird<\/p>\n\n\n\n\n\n<ul>\n--><\/ul>\n<p class=\"figure\" style=\"text-align: center;\"><img loading=\"lazy\" decoding=\"async\" class=\"aligncenter wp-image-193 size-full\" src=\"https:\/\/www.oman-erlebnis.ch\/wp-content\/uploads\/2022\/04\/bekannte_deckenmalereien_im_palast_von_jabrin.jpg\" alt=\"bekannte_deckenmalereien_im_palast_von_jabrin\" width=\"973\" height=\"609\">Bekannte Deckenmalereien im Palast von Jabrin; <i>Bild: Rolf Wirz<\/i><\/p>\n<ul>\n<li>Eine hochinteressante Lehrpfad-Wanderung durch Misfah<\/li>\n<\/ul>\n<p>\u00dcbernachtung in THE VIEW in Hail Al Shas<\/p>\n<\/div>\n<h3>6. Tag: Nizwa, die Kulturhauptstadt des Oman mit dem Besuch des traditionellen Viehmarktes<\/h3>\n<div>heute<\/p>\n<ul>\n<li>erleben Sie das bunte Treiben am traditionellen Viehmarkt in Nizwa<\/li>\n<li>besuchen Sie die Festung und den Souq in Nizwa, der Kulturhauptstadt des Oman<\/li>\n<\/ul>\n<p class=\"figure\" style=\"text-align: center;\"><img loading=\"lazy\" decoding=\"async\" class=\"aligncenter wp-image-194 size-full\" src=\"https:\/\/www.oman-erlebnis.ch\/wp-content\/uploads\/2016\/02\/006.jpg\" alt=\"\" width=\"1024\" height=\"762\" srcset=\"https:\/\/www.oman-erlebnis.ch\/wp-content\/uploads\/2016\/02\/006.jpg 1024w, https:\/\/www.oman-erlebnis.ch\/wp-content\/uploads\/2016\/02\/006-300x223.jpg 300w, https:\/\/www.oman-erlebnis.ch\/wp-content\/uploads\/2016\/02\/006-768x572.jpg 768w\" sizes=\"auto, (max-width: 1024px) 100vw, 1024px\" \/>Nizwa Fort, die perfekte Verteidigungsanlage &#8211; galt als uneinnehmbar<\/p>\n<ul>\n<li>k\u00f6nnen Sie sich am Nachmittag am Pool des Golden Tulip Hotels etwas ausruhen<\/li>\n<\/ul>\n<p>\u00dcbernachtung im Golden Tulip Hotel in Nizwa<\/p>\n<\/div>\n<h3>7. Tag: Wanderung durch die Terrassen-D\u00f6rfer des Jabal Akhdar, Fahrt ins Camp in der W\u00fcste<\/h3>\n<div>und das ist Ihr heutiges Programm:<\/p>\n<ul>\n<li>Besuch der Oase Birkat Al Mawz mit ihren Datteln- und Bananen-Plantagen. Besichtigung des f\u00fcr die Bew\u00e4sserung bedeutungsvollen Falaj-Systems, ein UNESCO Weltkulturerbe<\/li>\n<\/ul>\n<p class=\"figure\" style=\"text-align: center;\"><img loading=\"lazy\" decoding=\"async\" class=\"aligncenter wp-image-195 size-full\" src=\"https:\/\/www.oman-erlebnis.ch\/wp-content\/uploads\/2016\/02\/007.jpg\" alt=\"007\" width=\"1024\" height=\"768\" srcset=\"https:\/\/www.oman-erlebnis.ch\/wp-content\/uploads\/2016\/02\/007.jpg 1024w, https:\/\/www.oman-erlebnis.ch\/wp-content\/uploads\/2016\/02\/007-300x225.jpg 300w, https:\/\/www.oman-erlebnis.ch\/wp-content\/uploads\/2016\/02\/007-768x576.jpg 768w\" sizes=\"auto, (max-width: 1024px) 100vw, 1024px\" \/>Der Falaj \u2014 Bew\u00e4sserungskanal \u2014 auch zum Baden geeignet&#8230;<\/p>\n<ul>\n<li>Fahrt auf das Jabal Akhdar Plateau (2000 Meter \u00fcber Meer) und knapp zweist\u00fcndige einzigartige Wanderung durch drei D\u00f6rfer und deren Terrassenkulturen, wo unter anderem Granat\u00e4pfel, Rosen, N\u00fcsse und diverse Fr\u00fcchte gedeihen, oder, wer an der Wanderung nicht mitgehen kann, eine einfachere Wanderung<\/li>\n<\/ul>\n<p class=\"figure\" style=\"text-align: center;\"><img loading=\"lazy\" decoding=\"async\" class=\"aligncenter size-full wp-image-196\" src=\"https:\/\/www.oman-erlebnis.ch\/wp-content\/uploads\/2016\/02\/008.jpg\" alt=\"008\" width=\"1024\" height=\"1024\" srcset=\"https:\/\/www.oman-erlebnis.ch\/wp-content\/uploads\/2016\/02\/008.jpg 1024w, https:\/\/www.oman-erlebnis.ch\/wp-content\/uploads\/2016\/02\/008-150x150.jpg 150w, https:\/\/www.oman-erlebnis.ch\/wp-content\/uploads\/2016\/02\/008-300x300.jpg 300w, https:\/\/www.oman-erlebnis.ch\/wp-content\/uploads\/2016\/02\/008-768x768.jpg 768w\" sizes=\"auto, (max-width: 1024px) 100vw, 1024px\" \/>Terrassend\u00f6rfer des Jabal Akhdar<\/p>\n<ul>\n<li>Fahrt in die W\u00fcste zu einem komfortablen Camp in den Sharqiyah (Wahiba) Sands<\/li>\n<li>auf dem Weg dorthin, Besuch der \u00abBienenkorbgr\u00e4ber\u00bb in Zukait aus der Zeit 3000-2500 v. Chr.<\/li>\n<\/ul>\n<p>\u00dcbernachtung im Sama Al Wasil Camp in der W\u00fcste<\/p>\n<\/div>\n<h3>8. Tag: Das idyllische Wadi Bani Khalid, Besuch bei einer Beduinenfamilie, Kamelritt in die D\u00fcnen<\/h3>\n<div>Ihr heutiges Programm k\u00f6nnte gegens\u00e4tzlicher nicht sein:<\/p>\n<ul>\n<li>Besuch des historischen St\u00e4dtchens Al Mudayrib<\/li>\n<li>Fahrt ins malerische Wadi Bani Khalid inmitten der Hajar Berge, Wanderung mit leichteren Anspr\u00fcchen entlang der Pools des Wadi Bani Khalid<\/li>\n<\/ul>\n<p class=\"figure\" style=\"text-align: center;\"><img loading=\"lazy\" decoding=\"async\" class=\"aligncenter size-full wp-image-197\" src=\"https:\/\/www.oman-erlebnis.ch\/wp-content\/uploads\/2022\/04\/das_malerische_wadi_bani_khalid.jpg\" alt=\"das_malerische_wadi_bani_khalid\" width=\"987\" height=\"561\">Das malerische Wadi Bani Khalid<\/p>\n<ul>\n<li>Mittagessen bei einer Beduinen-Familie in der W\u00fcste<\/li>\n<\/ul>\n<p class=\"figure\" style=\"text-align: center;\"><img loading=\"lazy\" decoding=\"async\" class=\"aligncenter size-full wp-image-197\" src=\"https:\/\/www.oman-erlebnis.ch\/wp-content\/uploads\/2016\/02\/009.jpg\" alt=\"009\" width=\"1024\" height=\"1024\" srcset=\"https:\/\/www.oman-erlebnis.ch\/wp-content\/uploads\/2016\/02\/009.jpg 1024w, https:\/\/www.oman-erlebnis.ch\/wp-content\/uploads\/2016\/02\/009-150x150.jpg 150w, https:\/\/www.oman-erlebnis.ch\/wp-content\/uploads\/2016\/02\/009-300x300.jpg 300w, https:\/\/www.oman-erlebnis.ch\/wp-content\/uploads\/2016\/02\/009-768x768.jpg 768w\" sizes=\"auto, (max-width: 1024px) 100vw, 1024px\" \/>Das Kamel, mein liebster Freund<\/p>\n<ul>\n<li>Einst\u00fcndiger gem\u00fctlicher Kamelritt in die D\u00fcnen<\/li>\n<\/ul>\n<p>\u00dcbernachtung im Sama Al Wasil Camp<\/p>\n<\/div>\n<p><!--\n\n\n<h3>9. Tag: Oman als See- und Handelsmacht im 19. Jahrhundert \u2013 ein historischer Exkurs, Mittagessen bei einer omanischen Familie<\/h3>\n\n\n\n\n<div>Programm-Schwerpunkte:\n\n\n<ul>\n \t\n\n<li>Einf\u00fchrungsreferat<\/li>\n\n\n \t\n\n<li>Besuch von geschichtlich bedeutungsvollen Orten<\/li>\n\n\n \t\n\n<li>Mittagessen bei einer omanischen Familie<\/li>\n\n\n \t\n\n<li>Sonnenuntergang auf den D\u00fcnen der W\u00fcste<\/li>\n\n\n<\/ul>\n\n\n\u00dcbernachtung im Sama Al Wasil Camp<\/div>\n\n\n--><\/p>\n<h3>9. Tag: Die W\u00fcstendurchquerung und Campieren in der W\u00fcste<\/h3>\n<div>Heute erleben Sie:<\/p>\n<ul>\n<li>die ca. 5 st\u00fcndige Durchquerung der W\u00fcste Sharqiyah Sands (ca. 150 km)<\/li>\n<\/ul>\n<p class=\"figure\" style=\"text-align: center;\"><img loading=\"lazy\" decoding=\"async\" class=\"aligncenter wp-image-198 size-full\" src=\"https:\/\/www.oman-erlebnis.ch\/wp-content\/uploads\/2016\/02\/010.jpg\" alt=\"010\" width=\"1024\" height=\"576\" srcset=\"https:\/\/www.oman-erlebnis.ch\/wp-content\/uploads\/2016\/02\/010.jpg 1024w, https:\/\/www.oman-erlebnis.ch\/wp-content\/uploads\/2016\/02\/010-300x169.jpg 300w, https:\/\/www.oman-erlebnis.ch\/wp-content\/uploads\/2016\/02\/010-768x432.jpg 768w\" sizes=\"auto, (max-width: 1024px) 100vw, 1024px\" \/>Super! \u2014 Eine Super-Tankstelle mitten in der W\u00fcste<\/p>\n<ul>\n<li>ein erfrischendes Bad an der K\u00fcste des Indischen Ozeans<\/li>\n<\/ul>\n<p class=\"figure\" style=\"text-align: center;\"><img loading=\"lazy\" decoding=\"async\" class=\"aligncenter size-full wp-image-199\" src=\"https:\/\/www.oman-erlebnis.ch\/wp-content\/uploads\/2022\/04\/lagerfeuer.jpg\" alt=\"lagerfeuer\" width=\"1024\" height=\"576\">Lagerfeuer beim Campieren in der W\u00fcste; <i>Bild: Andy Kyburz<\/i><\/p>\n<ul>\n<li>Vorz\u00fcgliches Nachtessen aus der Camp-K\u00fcche<\/li>\n<li>Campieren und Lagerfeuer im Sand an der K\u00fcste<\/li>\n<\/ul>\n<p>\u00dcbernachtung im Zelt<\/p>\n<\/div>\n<h3>10. Tag: Die eindr\u00fcckliche W\u00fcstenlandschaft der &#8222;Woodlands&#8220;, die Seefahrerstadt Sur und die Schildkr\u00f6ten<\/h3>\n<div>Ihr Programm heute:<\/p>\n<ul>\n<li>Rund zweist\u00fcndige Fahrt durch die &#8222;Woodlands&#8220;, einer W\u00fcstenlandschaft, durchsetzt mit einer sehr widerstandsf\u00e4higen Vegetation (Ghaf-B\u00e4ume)<\/li>\n<\/ul>\n<p class=\"figure\" style=\"text-align: center;\"><img loading=\"lazy\" decoding=\"async\" class=\"aligncenter wp-image-200 size-full\" src=\"https:\/\/www.oman-erlebnis.ch\/wp-content\/uploads\/2016\/02\/012.jpg\" alt=\"012\" width=\"1024\" height=\"576\" srcset=\"https:\/\/www.oman-erlebnis.ch\/wp-content\/uploads\/2016\/02\/012.jpg 1024w, https:\/\/www.oman-erlebnis.ch\/wp-content\/uploads\/2016\/02\/012-300x169.jpg 300w, https:\/\/www.oman-erlebnis.ch\/wp-content\/uploads\/2016\/02\/012-768x432.jpg 768w\" sizes=\"auto, (max-width: 1024px) 100vw, 1024px\" \/>Die Woodlands und seine Bewohner<\/p>\n<ul>\n<li>Am Nachmittag Fahrt nach Sur, der alten Seefahrerstadt. Sie machen Halt bei der Werft f\u00fcr die traditionellen Holzschiffe, bei Aussichtspunkten und beim Leuchtturm im malerischen Vorort Ayjah<\/li>\n<\/ul>\n<p class=\"figure\" style=\"text-align: center;\"><img loading=\"lazy\" decoding=\"async\" class=\"aligncenter wp-image-201 size-full\" src=\"https:\/\/www.oman-erlebnis.ch\/wp-content\/uploads\/2022\/04\/ayjah.jpg\" alt=\"ayjah\" width=\"849\" height=\"504\">Ayjah, Vorort von Sur; <i>Bild: Rolf Wirz<\/i><\/p>\n<ul>\n<li>Nach dem Nachtessen im Turtle Beach Resort, M\u00f6glichkeit zum Besuch des Reservats Ras Al Jinz, wo die gr\u00fcnen Schildkr\u00f6ten an Land gehen, um ihre Eier zu legen<\/li>\n<\/ul>\n<p>\u00dcbernachtung im Turtle Beach Resort<\/p>\n<\/div>\n<h3>11. Tag: Ausspannen und Fahrt mit einer Dhow im idyllischen Turtle Beach Resort<\/h3>\n<div>Heute ist Ausspannen angesagt<\/p>\n<ul>\n<li>Am Vormittag geniessen Sie die einst\u00fcndige Fahrt mit einer Dhow, dem traditionellen Holzschiff der Omanis<\/li>\n<\/ul>\n<p class=\"figure\" style=\"text-align: center;\"><img loading=\"lazy\" decoding=\"async\" class=\"aligncenter size-full wp-image-522\" src=\"https:\/\/www.oman-erlebnis.ch\/wp-content\/uploads\/2018\/01\/gemuetliche-fahrt-mit-einer-dhow.jpg\" alt=\"\" width=\"833\" height=\"554\" srcset=\"https:\/\/www.oman-erlebnis.ch\/wp-content\/uploads\/2018\/01\/gemuetliche-fahrt-mit-einer-dhow.jpg 833w, https:\/\/www.oman-erlebnis.ch\/wp-content\/uploads\/2018\/01\/gemuetliche-fahrt-mit-einer-dhow-300x200.jpg 300w\" sizes=\"auto, (max-width: 833px) 100vw, 833px\" \/>Gem\u00fctliche Fahrt mit einer Dhow entlang der K\u00fcste<\/p>\n<ul>\n<li>Mittagessen im Turtle Beach Resort<\/li>\n<li>Nachmittag zum Ausspannen, baden, lesen etc.<\/li>\n<\/ul>\n<\/div>\n<div>\u00dcbernachtung im Turtle Beach Resort<\/div>\n<h3>12. Tag: Das eindr\u00fcckliche Wadi Shab mit seinen glasklaren Pools<\/h3>\n<div>Am letzten Tag Ihrer Rundreise:<\/p>\n<ul>\n<li>unternehmen Sie einen interessanten, wenn auch etwas steinigen Fussmarsch im reizvollen Wadi Shab (je eine Stunde hin und zur\u00fcck), ein erfrischendes Bad in den Pools und in einem spektakul\u00e4ren H\u00f6hlenbecken, oder, wenn Sie an der Wanderung nicht mitgehen k\u00f6nnen, besuchen Sie das malerische Wadi Tiwi<\/li>\n<\/ul>\n<p class=\"figure\" style=\"text-align: center;\"><img loading=\"lazy\" decoding=\"async\" class=\"aligncenter wp-image-202 size-full\" src=\"https:\/\/www.oman-erlebnis.ch\/wp-content\/uploads\/2016\/02\/badeplausch-im-wadi-shab.jpg\" alt=\"014\" width=\"1024\" height=\"685\">Badeplausch im Wadi Shab; <i>Bild: Rolf Wirz<\/i><\/p>\n<ul>\n<li>nach dem Mittagessen R\u00fcckfahrt nach Muscat entlang der K\u00fcste des Golfs von Oman<\/li>\n<li>Nachtessen in einem ausgezeichneten Fischrestaurant<\/li>\n<\/ul>\n<p>\u00dcbernachtung im Park Inn Hotel Muscat<\/p>\n<\/div>\n<h3>13. Tag: Besuchsprogramm in Muscat entsprechend den Pr\u00e4ferenzen in der Gruppe<\/h3>\n<div>\n<ul>\n<li>Zeit f\u00fcr weitere Besichtigungen und zum Einkaufen in Muscat<\/li>\n<\/ul>\n<p class=\"figure\" style=\"text-align: center;\"><img loading=\"lazy\" decoding=\"async\" class=\"aligncenter size-full wp-image-203\" src=\"https:\/\/www.oman-erlebnis.ch\/wp-content\/uploads\/2022\/04\/souq.jpg\" alt=\"souq\" width=\"1024\" height=\"575\">Im Souq gibt&#8217;s alles; <i>Bild: Andy Kyburz<\/i><\/p>\n<ul>\n<li>Abschieds-Nachtessen in einem vorz\u00fcglichen indischen Restaurant<\/li>\n<\/ul>\n<p>\u00dcbernachtung im Park Inn Hotel Muscat<\/p>\n<\/div>\n<h3>14. Tag: Sehr fr\u00fch am Morgen Transfer zum Flughafen, R\u00fcckflug mit Qatar Airways nach Z\u00fcrich via Doha<\/h3>\n<div>\n<ul>\n<li>Ankunft in Z\u00fcrich am Mittag &#8230; mit einer F\u00fclle von Eindr\u00fccken von einer Reise ins Sultanat Oman, dem &#8222;anderen Arabien&#8220;<\/li>\n<\/ul>\n<p style=\"text-align: center; font-size: 1.2em;\"><b>&#8230; oder aber Sie entscheiden sich f\u00fcr eine Badeverl\u00e4ngerung in Oman. Bischofberger Reisen ist Ihnen gerne bei der Planung behilflich.<\/b><\/p>\n<\/div>\n<p style=\"text-align: center; font-size: 1.2em;\"><i><b>Programm\u00e4nderungen vorbehalten!<\/b><\/i><\/p>\n<h2>Mindestanzahl<\/h2>\n<p>9 Teilnehmende<\/p>\n<h2>Reisedaten<\/h2>\n<table>\n<tbody>\n<tr>\n<td style=\"padding-right: 10px;\"><b>2022:<\/b><\/td>\n<td style=\"padding-right: 10px;\">30. Oktober \u2013 12. November<\/td>\n<td>20. November \u2013 03. Dezember<\/td>\n<\/tr>\n<tr>\n<td><b>2023:<\/b><\/td>\n<td>12. \u2013 25. Februar<\/td>\n<\/tr>\n<\/tbody>\n<\/table>\n<h2>Unterkunft<\/h2>\n<ul>\n<li>4 \u00dcbernachtungen im Park Inn Hotel (3-4*) in Muscat<\/li>\n<li>6 \u00dcbernachtungen in Mittelklasse Hotels (2*, 3*, 4*) auf der Rundreise<\/li>\n<li>2 \u00dcbernachtungen im Sama Al Wasil Camp in der W\u00fcste<\/li>\n<li>1 Zelt\u00fcbernachtung an der K\u00fcste<\/li>\n<\/ul>\n<p><i>Alle Unterk\u00fcnfte mit eigener Dusche\/WC, ausgenommen bei der \u00dcbernachtung im Zelt<\/i><\/p>\n<h2>Verpflegung<\/h2>\n<ul>\n<li>Mahlzeiten in Hotels, lokalen Restaurants, Resorts, Camps und beim Camping<\/li>\n<\/ul>\n<h2>Preise<\/h2>\n<table style=\"width: auto;\">\n<tbody>\n<tr>\n<td>pro Person ab \/ bis Schweiz<\/td>\n<td style=\"padding-left: 10px; text-align: right;\">Fr. 5790<\/td>\n<\/tr>\n<tr>\n<td>Einzelzimmerzuschlag<\/td>\n<td style=\"padding-left: 10px; text-align: right;\">Fr. 1040<\/td>\n<\/tr>\n<\/tbody>\n<\/table>\n<p>Im Preis inbegriffen:<\/p>\n<ul>\n<li>Flug Z\u00fcrich \u2013 Doha \u2013 Muscat \u2013 Doha \u2013 Z\u00fcrich mit Qatar Airways<\/li>\n<li>\u00dcbernachtungen in Hotels, Camps und im Zelt auf Doppelzimmerbasis mit Fr\u00fchst\u00fcck<\/li>\n<li>Vollpension<\/li>\n<li>Rundreise und Exkursionen, wie beschrieben, inklusive Automiete (Gel\u00e4ndefahrzeug oder Bus), Fahrermiete, Versicherungen und Benzin, Camping-Ausr\u00fcstung (Zelte, Matten)<\/li>\n<li>Deutsch sprechende Reiseleitung<\/li>\n<li>s\u00e4mtliche Eintritte (Museen, Festungen, Schildkr\u00f6ten-Beobachtung und F\u00fchrungen)<\/li>\n<li>Steuern, Abgaben und Taxen<\/li>\n<\/ul>\n<p>Nicht enthalten:<\/p>\n<ul>\n<li>pers\u00f6nliche Auslagen, wie Telefon, W\u00e4sche, Minibar<\/li>\n<li>Trinkgelder<\/li>\n<li>\u00fcbrige Auslagen, welche nicht unter &#8222;inbegriffen&#8220; aufgef\u00fchrt sind<\/li>\n<\/ul>\n<h2>Information und Buchung<\/h2>\n<p style=\"text-align: left;\">Link: <a href=\"https:\/\/bischofberger-reisen.ch\/reisen\/arabien-orient\/oman\/14-taegige-rundreise-oman-erlebnis-mit-ruedi-seiz\/\">Bischofberger Reisen AG, Dufourstrasse 159, 8008 Z\u00fcrich<\/a><\/p>\n<p style=\"text-align: left;\">Telefon: 044 384 93 93<\/p>\n<p style=\"text-align: left;\">E-Mail: <a id=\"email_a41683831030a211dd61a1f366f3274c\">&#105;<span style=\"display:none\">B<\/span><span>&#110;<\/span>&#102;o@<span>b<\/span><span>&#105;<\/span><span>s<\/span><span style=\"display:none\">Q<\/span>&#99;&#104;o<span>f<\/span><span style=\"display:none\">U<\/span>b&#101;<span style=\"display:none\">P<\/span><span>&#114;<\/span><span style=\"display:none\">D<\/span><span>g<\/span><span style=\"display:none\">C<\/span><span>&#101;<\/span>&#114;<span style=\"display:none\">N<\/span><span>-<\/span>r<span style=\"display:none\">Q<\/span>&#101;<span>i<\/span>&#115;<span style=\"display:none\">H<\/span><span>e<\/span>n<span>.<\/span><span style=\"display:none\">I<\/span>&#99;&#104;<\/a><script type=\"text\/javascript\">(function () {if (!window.emailhandlers) window.emailhandlers = {};\nvar ident = \"\";\nwhile (ident.length<4 || window.emailhandlers[ident]) ident += String.fromCharCode(Math.floor(Math.random()*26)+65);\nvar encaddr = \"JGO\"+\"GGG\"+\"PGAE\"+\"CGJG\"+\"DHD\"+\"GIGP\"+\"GGGC\"+\"GFG\"+\"CHHG\"+\"FGC\"+\"HNCC\"+\"HFGJ\"+\"GDH\"+\"FGOG\"+\"OCD\"+\"GIG\";\nvar addr = \"\";\nfor (var i=0; i<encaddr.length; i+=2) {addr += String.fromCharCode(encaddr.charCodeAt(i)-65+((encaddr.charCodeAt(i+1)-65)<<4));}\nvar encname = \"\";\nvar name = \"\";\nfor (var i=0; i<encname.length; i+=2) {name += String.fromCharCode(encname.charCodeAt(i)-65+((encname.charCodeAt(i+1)-65)<<4));}\nwindow.emailhandlers[ident] = function () { window.location.href = \"mai\"+\"lto:\"+addr; };\ndocument.getElementById(\"email_a41683831030a211dd61a1f366f3274c\").href = \"\";\ndocument.getElementById(\"email_a41683831030a211dd61a1f366f3274c\").onclick = (function (ident) {return function () {\nwindow.emailhandlers[ident]();\nreturn false;\n};})(ident);\n})();<\/script><\/p>\n<p style=\"text-align: left;\">\u00d6ffnungszeiten: Mo \u2013 Fr, 10:00 \u2013 12:30 und 13:30 \u2013 15:30<\/p>\n<p class=\"figure\" style=\"text-align: center;\"><img decoding=\"async\" class=\"aligncenter wp-image-591 size-full\" src=\"https:\/\/www.oman-erlebnis.ch\/wp-content\/uploads\/2020\/02\/eingangstor_minzifah.jpg\" alt=\"\" width=\"1024\">Eingangstor ins historische St\u00e4dchen Al Minzifah<\/p>\n","protected":false},"excerpt":{"rendered":"<p>Oman Erlebnis \u2013 mehr als nur eine Reise! Oman ist anders als die \u00fcbrigen arabischen Staaten \u00fcberzeugen Sie sich selbst \u2013 auf der Reise mit uns! Handarbeit bringt Bergfamilien ein kleines Nebeneinkommen Das erwartet Sie ein Land mit einer Jahrhunderte alten Geschichte und Kultur grossartige Landschaften (Meer, Str\u00e4nde, Wadis, Berge) die majest\u00e4tische W\u00fcste eine einzigartige [&hellip;]<\/p>\n","protected":false},"author":1,"featured_media":0,"parent":0,"menu_order":0,"comment_status":"closed","ping_status":"closed","template":"","meta":{"footnotes":""},"class_list":["post-31","page","type-page","status-publish","hentry"],"_links":{"self":[{"href":"https:\/\/www.oman-erlebnis.ch\/index.php\/wp-json\/wp\/v2\/pages\/31","targetHints":{"allow":["GET"]}}],"collection":[{"href":"https:\/\/www.oman-erlebnis.ch\/index.php\/wp-json\/wp\/v2\/pages"}],"about":[{"href":"https:\/\/www.oman-erlebnis.ch\/index.php\/wp-json\/wp\/v2\/types\/page"}],"author":[{"embeddable":true,"href":"https:\/\/www.oman-erlebnis.ch\/index.php\/wp-json\/wp\/v2\/users\/1"}],"replies":[{"embeddable":true,"href":"https:\/\/www.oman-erlebnis.ch\/index.php\/wp-json\/wp\/v2\/comments?post=31"}],"version-history":[{"count":103,"href":"https:\/\/www.oman-erlebnis.ch\/index.php\/wp-json\/wp\/v2\/pages\/31\/revisions"}],"predecessor-version":[{"id":772,"href":"https:\/\/www.oman-erlebnis.ch\/index.php\/wp-json\/wp\/v2\/pages\/31\/revisions\/772"}],"wp:attachment":[{"href":"https:\/\/www.oman-erlebnis.ch\/index.php\/wp-json\/wp\/v2\/media?parent=31"}],"curies":[{"name":"wp","href":"https:\/\/api.w.org\/{rel}","templated":true}]}}